{"id":9249,"date":"2017-12-18T16:11:23","date_gmt":"2017-12-18T20:11:23","guid":{"rendered":"https:\/\/edenorte.com.do\/transparencia\/?page_id=9249"},"modified":"2025-04-30T10:45:17","modified_gmt":"2025-04-30T14:45:17","slug":"programa-de-eficiencia-energetica-rd","status":"publish","type":"page","link":"https:\/\/edenorte.com.do\/transparencia\/programa-de-eficiencia-energetica-rd\/","title":{"rendered":"Programa de Eficiencia Energ\u00e9tica RD"},"content":{"rendered":"\t\t<div data-elementor-type=\"wp-page\" data-elementor-id=\"9249\" class=\"elementor elementor-9249\">\n\t\t\t\t\t\t<section class=\"elementor-section elementor-top-section elementor-element elementor-element-23d56fc elementor-section-boxed elementor-section-height-default elementor-section-height-default\" data-id=\"23d56fc\" data-element_type=\"section\">\n\t\t\t\t\t\t<div class=\"elementor-container elementor-column-gap-default\">\n\t\t\t\t\t<div class=\"elementor-column elementor-col-100 elementor-top-column elementor-element elementor-element-9e00632\" data-id=\"9e00632\" data-element_type=\"column\">\n\t\t\t<div class=\"elementor-widget-wrap elementor-element-populated\">\n\t\t\t\t\t\t<div class=\"elementor-element elementor-element-9ca448d elementor-widget elementor-widget-text-editor\" data-id=\"9ca448d\" data-element_type=\"widget\" data-widget_type=\"text-editor.default\">\n\t\t\t\t<div class=\"elementor-widget-container\">\n\t\t\t\t\t\t\t<p style=\"text-align: justify;\">Es una iniciativa del Gobierno de la Rep\u00fablica Dominicana cuyo objetivo general es renovar el alumbrado p\u00fablico (AP) de las redes de distribuci\u00f3n de EDENORTE mediante l\u00e1mparas con tecnolog\u00edas LED de \u00faltima generaci\u00f3n y telegestionables, atendiendo a principios de eficiencia energ\u00e9tica y la sustentabilidad ambiental.<\/p><p style=\"text-align: justify;\">Los fondos para la ejecuci\u00f3n de este Programa son obtenidos del Banco Interamericano de Desarrollo (BID), a trav\u00e9s del pr\u00e9stamo BID No.4962\/OC y de la Agencia de Cooperaci\u00f3n Internacional del Jap\u00f3n (JICA), mediante los fondos JICA DO P5.<\/p><h6><span style=\"color: #1b98e0;\"><strong>Objetivos del Programa<\/strong><\/span><\/h6>\t\t\t\t\t\t<\/div>\n\t\t\t\t<\/div>\n\t\t\t\t<div class=\"elementor-element elementor-element-4cdfcc3 elementor-icon-list--layout-traditional elementor-list-item-link-full_width elementor-widget elementor-widget-icon-list\" data-id=\"4cdfcc3\" data-element_type=\"widget\" data-widget_type=\"icon-list.default\">\n\t\t\t\t<div class=\"elementor-widget-container\">\n\t\t\t\t\t<ul class=\"elementor-icon-list-items\">\n\t\t\t\t\t\t\t<li class=\"elementor-icon-list-item\">\n\t\t\t\t\t\t\t\t\t\t\t<span class=\"elementor-icon-list-icon\">\n\t\t\t\t\t\t\t<i aria-hidden=\"true\" class=\"fas fa-check\"><\/i>\t\t\t\t\t\t<\/span>\n\t\t\t\t\t\t\t\t\t\t<span class=\"elementor-icon-list-text\">Incorporar tecnolog\u00edas innovadoras que permitan una mejora en la gesti\u00f3n de alumbrado p\u00fablico.<\/span>\n\t\t\t\t\t\t\t\t\t<\/li>\n\t\t\t\t\t\t\t\t<li class=\"elementor-icon-list-item\">\n\t\t\t\t\t\t\t\t\t\t\t<span class=\"elementor-icon-list-icon\">\n\t\t\t\t\t\t\t<i aria-hidden=\"true\" class=\"fas fa-check\"><\/i>\t\t\t\t\t\t<\/span>\n\t\t\t\t\t\t\t\t\t\t<span class=\"elementor-icon-list-text\">Reducir el consumo de combustibles f\u00f3siles importados para la generaci\u00f3n y consecuentemente el gasto p\u00fablico.<\/span>\n\t\t\t\t\t\t\t\t\t<\/li>\n\t\t\t\t\t\t\t\t<li class=\"elementor-icon-list-item\">\n\t\t\t\t\t\t\t\t\t\t\t<span class=\"elementor-icon-list-icon\">\n\t\t\t\t\t\t\t<i aria-hidden=\"true\" class=\"fas fa-check\"><\/i>\t\t\t\t\t\t<\/span>\n\t\t\t\t\t\t\t\t\t\t<span class=\"elementor-icon-list-text\">ortalecer las capacidades del personal de las instituciones estatales en gesti\u00f3n de tecnolog\u00eda eficiente.<\/span>\n\t\t\t\t\t\t\t\t\t<\/li>\n\t\t\t\t\t\t<\/ul>\n\t\t\t\t<\/div>\n\t\t\t\t<\/div>\n\t\t\t\t<div class=\"elementor-element elementor-element-ca7beed elementor-widget elementor-widget-text-editor\" data-id=\"ca7beed\" data-element_type=\"widget\" data-widget_type=\"text-editor.default\">\n\t\t\t\t<div class=\"elementor-widget-container\">\n\t\t\t<script type=\"text\/javascript\" src=\"https:\/\/code.jquery.com\/jquery-2.2.4.min.js?ver=2.2.s\" id=\"jquery-js\"><\/script>\n<script type=\"text\/javascript\" src=\"https:\/\/edenorte.com.do\/transparencia\/wp-content\/plugins\/wp-filebase-pro\/extras\/jquery\/treeview\/jquery.treeview-async-edit.min.js?ver=3.4.32\" id=\"wpfb-treeview-js\"><\/script>\n<link rel='stylesheet' id='wpfb-treeview-css' href='https:\/\/edenorte.com.do\/transparencia\/wp-content\/plugins\/wp-filebase-pro\/extras\/jquery\/treeview\/jquery.treeview.css?ver=3.4.32' type='text\/css' media='all' \/>\n        <script type=\"text\/javascript\">\r\n            \/\/<![CDATA[\r\n            function wpfb_initfbbd83ab4a187d491d1b4b59994381e2f0() {\r\n                jQuery(\"#wpfb-filebrowser-1\").treeview(wpfb_fbsetsbd83ab4a187d491d1b4b59994381e2f0 = {\r\n                    url: \"\/\/edenorte.com.do\/transparencia\/?wpfilebase_ajax=1\",\r\n                    ajax: {\r\n                        data:{\"private\":0,\"sort\":{\"file\":null,\"cat\":null},\"wpfb_action\":\"tree\",\"type\":\"browser\",\"base\":6035},\r\n                        type: \"post\",\r\n                        error: function (x, status, error) {\r\n                            if (error) alert(error);\r\n                        },\r\n                        complete: function (x, status) {\r\n                            if (typeof (wpfb_setupLinks) == 'function') wpfb_setupLinks();\r\n                        }\r\n                    },\r\n                    animated: \"medium\"\r\n                }).data(\"settings\", wpfb_fbsetsbd83ab4a187d491d1b4b59994381e2f0);\r\n            }\r\n            jQuery(document).ready(function () {\r\n                var fel = jQuery(\"#wpfb-filebrowser-1\");\r\n                if ('function' != typeof fel.treeview) {\r\n                    jQuery.when(\r\n                                                jQuery.getScript('https:\/\/edenorte.com.do\/transparencia\/wp-content\/plugins\/wp-filebase-pro\/extras\/jquery\/treeview\/jquery.treeview-async-edit.min.js'),\r\n                                                jQuery.Deferred(function (deferred) {\r\n                            jQuery(deferred.resolve);\r\n                        })\r\n                    ).done(function () {\r\n                        wpfb_initfbbd83ab4a187d491d1b4b59994381e2f0();\r\n                    });\r\n                } else {\r\n                    wpfb_initfbbd83ab4a187d491d1b4b59994381e2f0();\r\n                }\r\n            });\r\n            \/\/]]>\r\n        <\/script>\r\n        \t\t\t\t<h6><span style=\"color: #1b98e0;\"><strong>Componente I: Sustituci\u00f3n y adecuaci\u00f3n de luminarias de alumbrado p\u00fablico<\/strong><\/span><\/h6><p style=\"text-align: justify;\">Este componente se basa en la mejora de la infraestructura de los sistemas de alumbrado p\u00fablico, normalizando l\u00e1mparas en zonas prioritarias, para apoyar la seguridad ciudadana y el turismo.<\/p><p style=\"text-align: justify;\">Las actividades de este componente contemplan: (i) dise\u00f1os t\u00e9cnicos elaborados, ii) luminarias de AP instaladas en zona de sustituci\u00f3n, iii) luminarias de AP en zona de adecuaci\u00f3n, iv) sistemas de gesti\u00f3n de alumbrado p\u00fablico instalado, v) nodos de sistemas de gesti\u00f3n para AP sustituido y vi) nodos de sistemas de gesti\u00f3n para AP adecuado.<\/p><h6><span style=\"color: #1b98e0;\"><strong>Componente II: Fortalecimiento de capacidades institucionales<\/strong><\/span><\/h6><p style=\"text-align: justify;\">Con este componente se busca mejorar la gesti\u00f3n institucional del alumbrado p\u00fablico a trav\u00e9s de iniciativas que garanticen mayor eficiencia, transparencia e inclusi\u00f3n.<\/p><p style=\"text-align: justify;\">Para ello, se desarrollar\u00e1n acciones clave en tres \u00e1reas fundamentales: el fortalecimiento del marco legal del AP, la concienciaci\u00f3n sobre eficiencia energ\u00e9tica y sistemas de alumbrado, y la promoci\u00f3n de la inclusi\u00f3n de personas con discapacidad y la igualdad de g\u00e9nero.<\/p><ul id=\"wpfb-filebrowser-1\" class=\"treeview\"><li id=\"0\" class=\"\"><span class=\"\">\u00a1Acceso a la categor\u00eda denegada!<\/span><\/li>\n<\/ul><div style=\"clear:both;\"><\/div>\t\t\t\t\t\t<\/div>\n\t\t\t\t<\/div>\n\t\t\t\t\t<\/div>\n\t\t<\/div>\n\t\t\t\t\t<\/div>\n\t\t<\/section>\n\t\t\t\t<\/div>\n\t\t<div style=\"clear:both;\"><\/div>","protected":false},"excerpt":{"rendered":"<p>Es una iniciativa del Gobierno de la Rep\u00fablica Dominicana cuyo objetivo general es renovar el alumbrado p\u00fablico (AP) de las redes de distribuci\u00f3n de EDENORTE mediante l\u00e1mparas con tecnolog\u00edas LED&#8230;<\/p>\n","protected":false},"author":15,"featured_media":0,"parent":0,"menu_order":0,"comment_status":"closed","ping_status":"closed","template":"","meta":{"footnotes":""},"class_list":["post-9249","page","type-page","status-publish","hentry"],"_links":{"self":[{"href":"https:\/\/edenorte.com.do\/transparencia\/wp-json\/wp\/v2\/pages\/9249","targetHints":{"allow":["GET"]}}],"collection":[{"href":"https:\/\/edenorte.com.do\/transparencia\/wp-json\/wp\/v2\/pages"}],"about":[{"href":"https:\/\/edenorte.com.do\/transparencia\/wp-json\/wp\/v2\/types\/page"}],"author":[{"embeddable":true,"href":"https:\/\/edenorte.com.do\/transparencia\/wp-json\/wp\/v2\/users\/15"}],"replies":[{"embeddable":true,"href":"https:\/\/edenorte.com.do\/transparencia\/wp-json\/wp\/v2\/comments?post=9249"}],"version-history":[{"count":16,"href":"https:\/\/edenorte.com.do\/transparencia\/wp-json\/wp\/v2\/pages\/9249\/revisions"}],"predecessor-version":[{"id":1034375,"href":"https:\/\/edenorte.com.do\/transparencia\/wp-json\/wp\/v2\/pages\/9249\/revisions\/1034375"}],"wp:attachment":[{"href":"https:\/\/edenorte.com.do\/transparencia\/wp-json\/wp\/v2\/media?parent=9249"}],"curies":[{"name":"wp","href":"https:\/\/api.w.org\/{rel}","templated":true}]}}

Programa de Eficiencia Energética RD

<div data-elementor-type="wp-page" data-elementor-id="9249" class="elementor elementor-9249">
						<section class="elementor-section elementor-top-section elementor-element elementor-element-23d56fc elementor-section-boxed elementor-section-height-default elementor-section-height-default" data-id="23d56fc" data-element_type="section">
						<div class="elementor-container elementor-column-gap-default">
					<div class="elementor-column elementor-col-100 elementor-top-column elementor-element elementor-element-9e00632" data-id="9e00632" data-element_type="column">
			<div class="elementor-widget-wrap elementor-element-populated">
						<div class="elementor-element elementor-element-9ca448d elementor-widget elementor-widget-text-editor" data-id="9ca448d" data-element_type="widget" data-widget_type="text-editor.default">
				<div class="elementor-widget-container">
							<p style="text-align: justify;">Es una iniciativa del Gobierno de la República Dominicana cuyo objetivo general es renovar el alumbrado público (AP) de las redes de distribución de EDENORTE mediante lámparas con tecnologías LED de última generación y telegestionables, atendiendo a principios de eficiencia energética y la sustentabilidad ambiental.</p><p style="text-align: justify;">Los fondos para la ejecución de este Programa son obtenidos del Banco Interamericano de Desarrollo (BID), a través del préstamo BID No.4962/OC y de la Agencia de Cooperación Internacional del Japón (JICA), mediante los fondos JICA DO P5.</p><h6><span style="color: #1b98e0;"><strong>Objetivos del Programa</strong></span></h6>						</div>
				</div>
				<div class="elementor-element elementor-element-4cdfcc3 elementor-icon-list--layout-traditional elementor-list-item-link-full_width elementor-widget elementor-widget-icon-list" data-id="4cdfcc3" data-element_type="widget" data-widget_type="icon-list.default">
				<div class="elementor-widget-container">
					<ul class="elementor-icon-list-items">
							<li class="elementor-icon-list-item">
											<span class="elementor-icon-list-icon">
							<i aria-hidden="true" class="fas fa-check"></i>						</span>
										<span class="elementor-icon-list-text">Incorporar tecnologías innovadoras que permitan una mejora en la gestión de alumbrado público.</span>
									</li>
								<li class="elementor-icon-list-item">
											<span class="elementor-icon-list-icon">
							<i aria-hidden="true" class="fas fa-check"></i>						</span>
										<span class="elementor-icon-list-text">Reducir el consumo de combustibles fósiles importados para la generación y consecuentemente el gasto público.</span>
									</li>
								<li class="elementor-icon-list-item">
											<span class="elementor-icon-list-icon">
							<i aria-hidden="true" class="fas fa-check"></i>						</span>
										<span class="elementor-icon-list-text">ortalecer las capacidades del personal de las instituciones estatales en gestión de tecnología eficiente.</span>
									</li>
						</ul>
				</div>
				</div>
				<div class="elementor-element elementor-element-ca7beed elementor-widget elementor-widget-text-editor" data-id="ca7beed" data-element_type="widget" data-widget_type="text-editor.default">
				<div class="elementor-widget-container">
			<script type="text/javascript" src="https://code.jquery.com/jquery-2.2.4.min.js?ver=2.2.s" id="jquery-js"></script>
<script type="text/javascript" src="https://edenorte.com.do/transparencia/wp-content/plugins/wp-filebase-pro/extras/jquery/treeview/jquery.treeview-async-edit.min.js?ver=3.4.32" id="wpfb-treeview-js"></script>
<link rel='stylesheet' id='wpfb-treeview-css' href='https://edenorte.com.do/transparencia/wp-content/plugins/wp-filebase-pro/extras/jquery/treeview/jquery.treeview.css?ver=3.4.32' type='text/css' media='all' />
        <script type="text/javascript">
            //<![CDATA[
            function wpfb_initfbbd83ab4a187d491d1b4b59994381e2f0() {
                jQuery("#wpfb-filebrowser-1").treeview(wpfb_fbsetsbd83ab4a187d491d1b4b59994381e2f0 = {
                    url: "//edenorte.com.do/transparencia/?wpfilebase_ajax=1",
                    ajax: {
                        data:{"private":0,"sort":{"file":null,"cat":null},"wpfb_action":"tree","type":"browser","base":6035},
                        type: "post",
                        error: function (x, status, error) {
                            if (error) alert(error);
                        },
                        complete: function (x, status) {
                            if (typeof (wpfb_setupLinks) == 'function') wpfb_setupLinks();
                        }
                    },
                    animated: "medium"
                }).data("settings", wpfb_fbsetsbd83ab4a187d491d1b4b59994381e2f0);
            }
            jQuery(document).ready(function () {
                var fel = jQuery("#wpfb-filebrowser-1");
                if ('function' != typeof fel.treeview) {
                    jQuery.when(
                                                jQuery.getScript('https://edenorte.com.do/transparencia/wp-content/plugins/wp-filebase-pro/extras/jquery/treeview/jquery.treeview-async-edit.min.js'),
                                                jQuery.Deferred(function (deferred) {
                            jQuery(deferred.resolve);
                        })
                    ).done(function () {
                        wpfb_initfbbd83ab4a187d491d1b4b59994381e2f0();
                    });
                } else {
                    wpfb_initfbbd83ab4a187d491d1b4b59994381e2f0();
                }
            });
            //]]>
        </script>
        				<h6><span style="color: #1b98e0;"><strong>Componente I: Sustitución y adecuación de luminarias de alumbrado público</strong></span></h6><p style="text-align: justify;">Este componente se basa en la mejora de la infraestructura de los sistemas de alumbrado público, normalizando lámparas en zonas prioritarias, para apoyar la seguridad ciudadana y el turismo.</p><p style="text-align: justify;">Las actividades de este componente contemplan: (i) diseños técnicos elaborados, ii) luminarias de AP instaladas en zona de sustitución, iii) luminarias de AP en zona de adecuación, iv) sistemas de gestión de alumbrado público instalado, v) nodos de sistemas de gestión para AP sustituido y vi) nodos de sistemas de gestión para AP adecuado.</p><h6><span style="color: #1b98e0;"><strong>Componente II: Fortalecimiento de capacidades institucionales</strong></span></h6><p style="text-align: justify;">Con este componente se busca mejorar la gestión institucional del alumbrado público a través de iniciativas que garanticen mayor eficiencia, transparencia e inclusión.</p><p style="text-align: justify;">Para ello, se desarrollarán acciones clave en tres áreas fundamentales: el fortalecimiento del marco legal del AP, la concienciación sobre eficiencia energética y sistemas de alumbrado, y la promoción de la inclusión de personas con discapacidad y la igualdad de género.</p><ul id="wpfb-filebrowser-1" class="treeview"><li id="0" class=""><span class="">¡Acceso a la categoría denegada!</span></li>
</ul><div style="clear:both;"></div>						</div>
				</div>
					</div>
		</div>
					</div>
		</section>
				</div>
		<div style="clear:both;"></div>

<p>Es una iniciativa del Gobierno de la República Dominicana cuyo objetivo general es renovar el alumbrado público (AP) de las redes de distribución de EDENORTE mediante lámparas con tecnologías LED&#8230;</p>
