{"id":6352,"date":"2017-04-27T17:16:08","date_gmt":"2017-04-27T21:16:08","guid":{"rendered":"https:\/\/edenorte.com.do\/transparencia\/?page_id=6352"},"modified":"2019-04-16T15:32:47","modified_gmt":"2019-04-16T19:32:47","slug":"compras-y-contrataciones","status":"publish","type":"page","link":"https:\/\/edenorte.com.do\/transparencia\/compras-y-contrataciones\/","title":{"rendered":"Compras y Contrataciones"},"content":{"rendered":"<div class=\"visible-xs\" style=\"padding-top:68px\">\n<div class=\"arconix-column-one-half\">\n<ul>\n<li><a href=\"https:\/\/edenorte.com.do\/transparencia\/lista-de-proveedores\/\">Lista de proveedores<\/a><\/li>\n<li><a href=\"https:\/\/edenorte.com.do\/transparencia\/compras-y-contrataciones\/lista-de-compras-y-contrataciones-realizadas-y-aprobadas\/\">Lista de Compras y Contrataciones Realizadas y Aprobadas<\/a><\/li>\n<li><a href=\"https:\/\/edenorte.com.do\/transparencia\/plan-anual-de-compras\/\">Plan Anual de Compras<\/a><\/li>\n<li><a href=\"https:\/\/edenorte.com.do\/transparencia\/como-registrarse-como-proveedor-del-estado\/\">\u00bfC\u00f3mo registrarse como proveedor del Estado?<\/a><\/li>\n<li><a href=\"https:\/\/edenorte.com.do\/transparencia\/licitaciones-publicas\/\">Licitaciones P\u00fablicas<\/a><\/li>\n<li><a href=\"https:\/\/edenorte.com.do\/transparencia\/licitaciones-restringidas\/\">Licitaciones Restringidas<\/a><\/li>\n<li><a href=\"https:\/\/edenorte.com.do\/transparencia\/sorteo-de-obras\/\">Sorteo de obras<\/a><\/li>\n<\/ul>\n<\/div>\n<div class=\"arconix-column-one-half arconix-column-last\">\n<ul>\n<li><a href=\"https:\/\/edenorte.com.do\/transparencia\/comparaciones-de-precios\/\">Comparaciones de precios<\/a><\/li>\n<li><a href=\"https:\/\/edenorte.com.do\/transparencia\/compras-menores\/\">Compras Menores<\/a><\/li>\n<li><a href=\"https:\/\/edenorte.com.do\/transparencia\/compras-menores\/relacion-de-compras-por-debajo-de-umbral\/\">Relaci\u00f3n de Compras por Debajo de Umbral<\/a><\/li>\n<li><a href=\"https:\/\/edenorte.com.do\/transparencia\/casos-de-emergencia-y-urgencia\/\">Casos de Emergencia<\/a><\/li>\n<li><a href=\"https:\/\/edenorte.com.do\/transparencia\/casos-de-urgencia\/\">Casos de Urgencia<\/a><\/li>\n<li><a href=\"https:\/\/edenorte.com.do\/transparencia\/otros-casos-de-excepcion\/\">Otros Casos de Excepci\u00f3n<\/a><\/li>\n<li><a href=\"https:\/\/edenorte.com.do\/transparencia\/estado-de-cuenta-de-suplidores\/\">Estado de cuenta de suplidores<\/a><\/li>\n<\/ul>\n<\/div><div style=\"clear:both;\"><\/div><\/div>\n<p>Esta \u00e1rea de nuestra p\u00e1gina est\u00e1 dedicada a los proveedores de servicio de Edenorte Dominicana y a cualquier persona natural o empresa jur\u00eddica que se interese en ofrecer sus servicios a la compa\u00f1\u00eda en los siguientes rubros:<\/p>\n<ul>\n<li>Materiales y equipos.<\/li>\n<li>Herramientas.<\/li>\n<li>Instrumentos.<\/li>\n<li>Mano de obra para construcci\u00f3n o mantenimiento.<\/li>\n<li>Transportaci\u00f3n.<\/li>\n<li>Servicios generales.<\/li>\n<li>Obras civiles.<\/li>\n<li>Grafiter\u00eda.<\/li>\n<li>Servicios de car\u00e1cter comercial.<\/li>\n<li>Capacitaci\u00f3n y entrenamiento.<\/li>\n<li>Inform\u00e1tica.<\/li>\n<li>Reparaci\u00f3n de hardware de inform\u00e1tica.<\/li>\n<li>Arriendos (Alquileres).<\/li>\n<li>Ropas de trabajo.<\/li>\n<li>Ferreter\u00eda en general.<\/li>\n<\/ul>\n<h5>PASOS PARA INICIAR UNA RELACI\u00d3N CON EDENORTE COMO PROVEEDOR DE BIENES Y SERVICIOS.<\/h5>\n<ol>\n<li>Ser proveedor del estado.\n<ul>\n<li><a href=\"https:\/\/www.edenorte.com.do\/blog\/2011\/06\/COMPRAS-REQUISITOS-INSCRIPCION-RNP-PERSONAS-FISICAS.pdf\" data-saferedirecturl=\"https:\/\/www.google.com\/url?hl=es&amp;q=https:\/\/www.edenorte.com.do\/blog\/2011\/06\/COMPRAS-REQUISITOS-INSCRIPCION-RNP-PERSONAS-FISICAS.pdf&amp;source=gmail&amp;ust=1493414041442000&amp;usg=AFQjCNHlg1xriDHan3_jsLYGXppNVfsDmQ\">Compras Requisitos Inscripci\u00f3n Rnp Personas F\u00edsicas<\/a><\/li>\n<li><a href=\"https:\/\/www.edenorte.com.do\/blog\/2011\/06\/COMPRAS-REQUISITOS-INSCRIPCION-RNP-PERSONAS-JURIDICAS.pdf\" data-saferedirecturl=\"https:\/\/www.google.com\/url?hl=es&amp;q=https:\/\/www.edenorte.com.do\/blog\/2011\/06\/COMPRAS-REQUISITOS-INSCRIPCION-RNP-PERSONAS-JURIDICAS.pdf&amp;source=gmail&amp;ust=1493414041442000&amp;usg=AFQjCNGUhnFBvxc0r2ZR0l2WuF4uvc5XTQ\">Compras Requisitos Inscripci\u00f3n Rnp Personas Jur\u00eddicas<\/a><\/li>\n<\/ul>\n<\/li>\n<li>Enviarnos la inscripci\u00f3n v\u00eda e-mail a <a href=\"mailto:gerencialogistica@edenorte.com.do\">gerencialogistica@edenorte.com.do<\/a> o traerla a la Gerencia de Log\u00edstica ubicada en la Av. Juan Pablo Duarte #74, Santiago, Rep. Dominicana.<\/li>\n<li>EDENORTE proceder\u00e1 a realizar el registro en la base de datos como proveedor de Bienes y servicios.<\/li>\n<\/ol>\n<p>Para m\u00e1s informaci\u00f3n ll\u00e1manos al tel\u00e9fono <a href=\"tel:(809)%20241-9090\">(809)241-9090<\/a> Ext.:2718<\/p>\n<p>&nbsp;<\/p>\n<div style=\"clear:both;\"><\/div>","protected":false},"excerpt":{"rendered":"<p>Esta \u00e1rea de nuestra p\u00e1gina est\u00e1 dedicada a los proveedores de servicio de Edenorte Dominicana y a cualquier persona natural o empresa jur\u00eddica que se interese en ofrecer sus servicios&#8230;<\/p>\n","protected":false},"author":15,"featured_media":0,"parent":0,"menu_order":0,"comment_status":"closed","ping_status":"closed","template":"","meta":{"footnotes":""},"class_list":["post-6352","page","type-page","status-publish","hentry"],"_links":{"self":[{"href":"https:\/\/edenorte.com.do\/transparencia\/wp-json\/wp\/v2\/pages\/6352","targetHints":{"allow":["GET"]}}],"collection":[{"href":"https:\/\/edenorte.com.do\/transparencia\/wp-json\/wp\/v2\/pages"}],"about":[{"href":"https:\/\/edenorte.com.do\/transparencia\/wp-json\/wp\/v2\/types\/page"}],"author":[{"embeddable":true,"href":"https:\/\/edenorte.com.do\/transparencia\/wp-json\/wp\/v2\/users\/15"}],"replies":[{"embeddable":true,"href":"https:\/\/edenorte.com.do\/transparencia\/wp-json\/wp\/v2\/comments?post=6352"}],"version-history":[{"count":5,"href":"https:\/\/edenorte.com.do\/transparencia\/wp-json\/wp\/v2\/pages\/6352\/revisions"}],"predecessor-version":[{"id":1031722,"href":"https:\/\/edenorte.com.do\/transparencia\/wp-json\/wp\/v2\/pages\/6352\/revisions\/1031722"}],"wp:attachment":[{"href":"https:\/\/edenorte.com.do\/transparencia\/wp-json\/wp\/v2\/media?parent=6352"}],"curies":[{"name":"wp","href":"https:\/\/api.w.org\/{rel}","templated":true}]}}