{"id":5783,"date":"2016-07-02T14:59:37","date_gmt":"2016-07-02T18:59:37","guid":{"rendered":"http:\/\/localhost:8080\/edenorte\/?page_id=5783"},"modified":"2019-04-15T14:46:54","modified_gmt":"2019-04-15T18:46:54","slug":"politicas-de-privacidad","status":"publish","type":"page","link":"https:\/\/edenorte.com.do\/transparencia\/politicas-de-privacidad\/","title":{"rendered":"Pol\u00edticas de Privacidad"},"content":{"rendered":"<p>Las presentes Pol\u00edticas (en adelante, \u201clas Pol\u00edticas\u201d) establecen el uso de los servicios del sitio web de www.edenorte.com.do (en adelante, \u201cel Portal Web\u201d) de la Empresa Distribuidora de Electricidad del Norte (en lo que sigue, \u201cEDENORTE\u201d), empresa de Servicio P\u00fablico, creada en el a\u00f1o 1997 como consecuencia de Ley General de Reforma de la Empresa P\u00fablica No. 141-97, del 24 de junio del 1997, que tuvo por objeto principal dar inicio al proceso de capitalizaci\u00f3n de diversas empresas propiedad del Estado Dominicano. Domicilio social y asiento principal ubicado en la Av. Juan Pablo Duarte #74, Santiago de los Caballeros, Rep\u00fablica Dominicana.<\/p>\n<ol type=\"1\">\n<li>Condiciones Menores de edad.- Para hacer uso de los Servicios que requieran la recopilaci\u00f3n de Datos Personales por parte de EDENORTE a trav\u00e9s del Portal Web, los menores de edad deben obtener permiso previo por parte de sus padres, tutores o representantes legales, quienes ser\u00e1n considerados responsables de todos los actos realizados por los menores dispuestos a su cargo.\n<ol type=\"a\">\n<li><span class=\"pi-underline\">Obligaci\u00f3n de hacer un uso correcto del Portal Web y de los Servicios.<\/span>&#8211; El Usuario se compromete a utilizar el Portal Web y los Servicios de conformidad con la ley, las presentes Pol\u00edticas, los T\u00e9rminos de Uso, las Condiciones Particulares de ciertos Servicios y dem\u00e1s avisos e instrucciones puestos en su conocimiento, as\u00ed como el orden p\u00fablico, la moral y las buenas costumbres generalmente aceptadas.<\/li>\n<li><span class=\"pi-underline\">Prohibici\u00f3n de sustracci\u00f3n de contenidos.<\/span>&#8211; El Usuario deber\u00e1 abstenerse de obtener e incluso de intentar apoderarse del Contenido empleando para ello, medios o procedimientos distintos de los que, seg\u00fan los casos, se hayan puesto a su disposici\u00f3n al efecto o se hayan indicado en las p\u00e1ginas Web donde se encuentren los contenidos o, en general, de los que se empleen habitualmente en la Internet, siempre que no entra\u00f1en un riesgo de da\u00f1o o inutilizaci\u00f3n del Portal Web, de los Servicios y\/o de los contenidos.<\/li>\n<li><span class=\"pi-underline\">Mensajes no solicitados.<\/span>&#8211; El Usuario o terceros perjudicados por la recepci\u00f3n de mensajes no solicitados dirigidos a una pluralidad de personas podr\u00e1n comunic\u00e1rselo a EDENORTE remitiendo un mensaje a la siguiente direcci\u00f3n de correo electr\u00f3nico: webmaster@edenorte.com.do<\/li>\n<\/ol>\n<\/li>\n<li>No Licencia.-\n<ol type=\"a\">\n<li><span class=\"pi-underline\">Propiedad Intelectual.-<\/span> Todas las marcas, nombres comerciales o signos distintivos de cualquier clase que aparecen en el Portal Web son propiedad de EDENORTE o de terceros, seg\u00fan sea el caso, sin que pueda entenderse que el simple uso o acceso al Portal Web y\/o a los Servicios atribuya al Usuario derecho alguno sobre los citados signos distintivos.<br \/>\n<hr class=\"pi-divider-gap-30\" \/>\n<p>Asimismo, los Contenidos son propiedad intelectual de EDENORTE o de terceros, seg\u00fan sea el caso, sin que puedan entenderse cedidos al Usuario, en virtud de lo establecido en estas Pol\u00edticas, ninguno de los derechos de explotaci\u00f3n que existen o puedan existir sobre dichos contenidos m\u00e1s all\u00e1 de lo estrictamente necesario para el correcto uso del Portal Web y de los Servicios; es decir, el Usuario podr\u00e1 consultar, copiar y almacenar en el disco duro de su computadora o en cualquier otro soporte f\u00edsico, imprimir o reproducir el material disponible en esta p\u00e1gina Web, exclusivamente para su uso personal o privado, o el que se realice dentro de su empresa u organizaci\u00f3n, haciendo menci\u00f3n en todo momento de la propiedad exclusiva que sobre \u00e9ste posee EDENORTE, quedando terminantemente prohibido realizar alteraciones, modificaciones o descompilaci\u00f3n de su contenido.<\/li>\n<li><span class=\"pi-underline\">Comercializaci\u00f3n.-<\/span> Queda estrictamente prohibida la comercializaci\u00f3n en cualquier forma y bajo cualquier t\u00edtulo del material contenido en el Portal Web, sin contar con la previa autorizaci\u00f3n por escrito de EDENORTE. Este portal Web podr\u00e1 contener informaci\u00f3n proveniente de otras fuentes, por lo que en estos casos, se deber\u00e1 requerir el consentimiento de ellas para su reproducci\u00f3n.<\/li>\n<\/ol>\n<\/li>\n<li>Exclusi\u00f3n de garant\u00edas y de responsabilidad.-\n<ol type=\"a\">\n<li><span class=\"pi-underline\">Condiciones generales.-<\/span> El uso del Portal Web es por cuenta y riesgo propios. El Portal Web, incluyendo la informaci\u00f3n, el contenido y los servicios, se ofrece en base a \u201ctal y como est\u00e1\u201d, \u201csin garant\u00edas de disponibilidad\u201d ni \u201cde estar exento de errores u omisiones\u201d. EDENORTE tampoco hace ninguna declaraci\u00f3n, garantiza, ofrece condiciones, o da garant\u00edas de modo alguno sobre la utilidad, calidad, idoneidad, veracidad, exactitud o integridad del Portal Web.<\/li>\n<li><span class=\"pi-underline\">Disponibilidad y continuidad, utilidad y falibilidad.-<\/span> EDENORTE no garantiza la disponibilidad y continuidad del funcionamiento del Portal Web y de los Servicios. Cuando ello sea razonablemente posible, EDENORTE advertir\u00e1 previamente de las interrupciones en el funcionamiento del Portal Web y de los Servicios. EDENORTE tampoco garantiza la utilidad del Portal Web y de los Servicios para la realizaci\u00f3n de ninguna actividad en concreto, ni su infalibilidad y, en particular, aunque no de modo excluyente, que el Usuario pueda efectivamente utilizar el Portal Web y los Servicios, acceder a las distintas p\u00e1ginas Web que forman el Portal Web o a aquellas desde las que se prestan los Servicios.<br \/>\n<hr class=\"pi-divider-gap-30\" \/>\n<p>EDENORTE excluye cualquier responsabilidad por da\u00f1os y perjuicios de toda naturaleza que puedan deberse a la falta de disponibilidad o de continuidad del funcionamiento del Portal Web y de los Servicios, a la defraudaci\u00f3n de la utilidad que el Usuario hubiere podido atribuir al Portal Web y\/o a los Servicios, a la falibilidad del Portal Web y\/o de los Servicios, y en particular, aunque no de modo excluyente, a los fallos en el acceso a las distintas p\u00e1ginas del Portal Web o aquellas desde las que se prestan los Servicios.<\/li>\n<li><span class=\"pi-underline\">Privacidad y seguridad en la utilizaci\u00f3n del Portal Web y de los Servicios.-<\/span> EDENORTE no garantiza la privacidad y seguridad de la utilizaci\u00f3n del Portal Web y de los Servicios y, en particular, no garantiza que terceros no autorizados no puedan tener conocimiento de la clase, condiciones, caracter\u00edsticas y circunstancias del uso que el Usuario hacen del Portal Web y de los Servicios.<\/li>\n<li><span class=\"pi-underline\">Calidad.-<\/span> EDENORTE no controla ni garantiza la ausencia de virus ni de otros elementos en los Contenidos que puedan producir alteraciones en su sistema inform\u00e1tico (software y hardware) o en los documentos electr\u00f3nicos y ficheros almacenados en su sistema inform\u00e1tico. El Usuario asume todos los riesgos por cualquier da\u00f1o o desperfecto que sufra su equipo inform\u00e1tico o por la p\u00e9rdida de informaci\u00f3n que se derive de haber recibido contenido de la p\u00e1gina, incluyendo los da\u00f1os provocados por virus inform\u00e1ticos.<\/li>\n<li><span class=\"pi-underline\">Veracidad, exactitud y actualidad.-<\/span> EDENORTE excluye cualquier responsabilidad por los da\u00f1os y perjuicios de toda naturaleza que puedan generarse por la falta de veracidad, exactitud y\/o actualidad de los Contenidos.<\/li>\n<li><span class=\"pi-underline\">Licitud, fiabilidad y utilidad.-<\/span> EDENORTE no garantiza la licitud, fiabilidad y utilidad de los servicios prestados por terceros a trav\u00e9s del Portal Web. EDENORTE excluye cualquier responsabilidad por los da\u00f1os y perjuicios de toda naturaleza que puedan generarse por los Servicios prestados por terceros a trav\u00e9s del Portal Web.<\/li>\n<li><span class=\"pi-underline\">Responsabilidad.-<\/span> EDENORTE no ser\u00e1 responsable de ning\u00fan da\u00f1o directo, indirecto, especial, derivado o secundario que sea consecuencia directa o indirecta del uso del Portal Web, aun cuando EDENORTE estuviera al tanto o pudiera haber previsto razonablemente la posibilidad de que ocurrieran dichos da\u00f1os; de manera enunciativa pero no limitativa, los da\u00f1os y perjuicios debidos: (a) al uso o imposibilidad de uso del Portal Web; (b) a declaraciones o conducta de terceros en el Portal Web, incluyendo de manera enunciativa pero no limitativa el acceso no autorizado o la alteraci\u00f3n de las transmisiones o datos, el comportamiento malicioso o delictivo, o las transacciones falsas o fraudulentas; (c) al contenido o informaci\u00f3n que el Usuario pueda descargar, utilizar, modificar o distribuir.<\/li>\n<\/ol>\n<\/li>\n<li>Procedimiento en caso de realizaci\u00f3n de actividades de car\u00e1cter il\u00edcito.- En el caso de que cualquier Usuario o un tercero considere que existen hechos o circunstancias que revelen el car\u00e1cter il\u00edcito de la utilizaci\u00f3n de cualquier contenido y\/o de la realizaci\u00f3n de cualquier actividad en las P\u00e1ginas Web incluidas o accesibles a trav\u00e9s del Portal Web, y, en particular, de la violaci\u00f3n de derechos de propiedad intelectual u otros derechos, deber\u00e1 enviar una notificaci\u00f3n a EDENORTE en la que se exprese lo siguiente:\n<ol type=\"a\">\n<li>Datos personales del reclamante: nombre, n\u00famero de c\u00e9dula de identidad y electoral (o pasaporte, en caso de extranjeros), direcci\u00f3n, n\u00famero de tel\u00e9fono y direcci\u00f3n de correo electr\u00f3nico;<\/li>\n<li>Especificaci\u00f3n de la supuesta actividad il\u00edcita llevada a cabo en el Portal Web y, en particular, cuando se trate de una supuesta violaci\u00f3n de derechos, indicaci\u00f3n precisa y concreta de los contenidos protegidos as\u00ed como de su localizaci\u00f3n en las P\u00e1ginas Web;<\/li>\n<li>Hechos o circunstancias que revelan el car\u00e1cter il\u00edcito de dicha actividad;<\/li>\n<li>En el supuesto de violaci\u00f3n de derechos, firma manuscrita o equivalente, con los Datos Personales del titular de los derechos supuestamente infringidos o de la persona autorizada para actuar en nombre y por cuenta de \u00e9sta;<\/li>\n<li>Declaraci\u00f3n expresa, clara y bajo la responsabilidad del reclamante de que la informaci\u00f3n proporcionada en la notificaci\u00f3n es exacta y del car\u00e1cter il\u00edcito de la utilizaci\u00f3n de los contenidos o de la realizaci\u00f3n de las actividades descritas.<\/li>\n<\/ol>\n<\/li>\n<li>Enlaces a otros sitios web.-\n<ol type=\"a\">\n<li>EDENORTE puede proporcionar enlaces a otros sitios web dirigidos por Entidades o personas no relacionadas con EDENORTE. EDENORTE no es responsable de la disponibilidad y el acceso a estas p\u00e1ginas o recursos externos, ni tampoco respalda ni se responsabiliza por cualquier contenido, publicidad, productos u otros materiales que se encuentren o se consigan desde dichas p\u00e1ginas o recursos.<\/li>\n<li>EDENORTE no acepta responsabilidad alguna, ni directa ni indirectamente, por cualquier da\u00f1o o p\u00e9rdida, ya sean reales o supuestos, provocados por o relacionados con el uso o la dependencia del contenido, bienes o servicios disponibles en\/o a trav\u00e9s de dicha p\u00e1gina o recurso. Si el Usuario decide visitar alg\u00fan sitio mediante enlace (link), lo har\u00e1 exclusivamente bajo su propio riesgo, y es su responsabilidad tomar todas las medidas de protecci\u00f3n contra virus u otros elementos destructivos.<\/li>\n<\/ol>\n<\/li>\n<li>Usuarios fuera de la Rep\u00fablica Dominicana y legislaci\u00f3n aplicable.-\n<ol type=\"a\">\n<li>Los contenidos del Portal Web son controlados por EDENORTE, desde sus oficinas en territorio de la Rep\u00fablica Dominicana. EDENORTE pone de manifiesto que es posible que estos contenidos no sean apropiados o no est\u00e9n disponibles para su uso desde un lugar situado fuera del territorio dominicano. El acceso a los contenidos del Portal Web est\u00e1 prohibido desde los territorios en los cuales, seg\u00fan la legislaci\u00f3n vigente en los mismos, son contenidos ilegales. El acceso desde un lugar fuera de la Rep\u00fablica Dominicana estar\u00e1 sujeto al cumplimiento de las leyes aplicables en dicho lugar. Est\u00e1 prohibido el uso de este Portal Web o sus contenidos, cuando esto suponga una violaci\u00f3n de las leyes y dem\u00e1s regulaciones vigentes.<\/li>\n<\/ol>\n<\/li>\n<li>Notificaciones.- Todas las notificaciones y comunicaciones (en adelante, \u201clas Notificaciones\u201d) por parte del Usuario a EDENORTE se considerar\u00e1n eficaces, a todos los efectos, cuando sean enviadas por mensajer\u00eda a la siguiente direcci\u00f3n: Avenida Juan Pablo Duarte, #74, Santiago de los Caballeros, Rep\u00fablica Dominicana.<\/li>\n<li>Legislaci\u00f3n Aplicable.- Las Presentes Pol\u00edticas se rigen en todas y cada una de sus partes por las leyes de la Rep\u00fablica Dominicana.<\/li>\n<li>Jurisdicci\u00f3n.- EDENORTE y el Usuario, con renuncia t\u00e1cita a cualquier otro fuero, se someten a la jurisdicci\u00f3n de los tribunales ordinarios de la Rep\u00fablica Dominicana, para cualquier disputa o controversia surgida entre ellas, sin importar su origen o naturaleza.<\/li>\n<li>Observaciones y Sugerencias.- Para cualquier sugerencia o propuesta de colaboraci\u00f3n escr\u00edbanos a nuestro correo electr\u00f3nico webmaster@edenorte.com.do<\/li>\n<\/ol>\n<div style=\"clear:both;\"><\/div>","protected":false},"excerpt":{"rendered":"<p>Las presentes Pol\u00edticas (en adelante, \u201clas Pol\u00edticas\u201d) establecen el uso de los servicios del sitio web de www.edenorte.com.do (en adelante, \u201cel Portal Web\u201d) de la Empresa Distribuidora de Electricidad del&#8230;<\/p>\n","protected":false},"author":15,"featured_media":0,"parent":0,"menu_order":0,"comment_status":"closed","ping_status":"closed","template":"","meta":{"footnotes":""},"class_list":["post-5783","page","type-page","status-publish","hentry"],"_links":{"self":[{"href":"https:\/\/edenorte.com.do\/transparencia\/wp-json\/wp\/v2\/pages\/5783","targetHints":{"allow":["GET"]}}],"collection":[{"href":"https:\/\/edenorte.com.do\/transparencia\/wp-json\/wp\/v2\/pages"}],"about":[{"href":"https:\/\/edenorte.com.do\/transparencia\/wp-json\/wp\/v2\/types\/page"}],"author":[{"embeddable":true,"href":"https:\/\/edenorte.com.do\/transparencia\/wp-json\/wp\/v2\/users\/15"}],"replies":[{"embeddable":true,"href":"https:\/\/edenorte.com.do\/transparencia\/wp-json\/wp\/v2\/comments?post=5783"}],"version-history":[{"count":3,"href":"https:\/\/edenorte.com.do\/transparencia\/wp-json\/wp\/v2\/pages\/5783\/revisions"}],"predecessor-version":[{"id":487995,"href":"https:\/\/edenorte.com.do\/transparencia\/wp-json\/wp\/v2\/pages\/5783\/revisions\/487995"}],"wp:attachment":[{"href":"https:\/\/edenorte.com.do\/transparencia\/wp-json\/wp\/v2\/media?parent=5783"}],"curies":[{"name":"wp","href":"https:\/\/api.w.org\/{rel}","templated":true}]}}