{"id":478707,"date":"2019-04-11T16:59:08","date_gmt":"2019-04-11T20:59:08","guid":{"rendered":"https:\/\/edenorte.com.do\/transparencia\/?page_id=478707"},"modified":"2021-07-30T11:07:46","modified_gmt":"2021-07-30T15:07:46","slug":"base-legal","status":"publish","type":"page","link":"https:\/\/edenorte.com.do\/transparencia\/base-legal\/","title":{"rendered":"Base Legal"},"content":{"rendered":"<section class=\"l-section wpb_row height_medium\"><div class=\"l-section-h i-cf\"><div class=\"g-cols offset_small\"><div class=\"vc_col-sm-12 wpb_column\"><div class=\"vc_column-inner\"><div class=\"w-tabs layout_default accordion title_left icon_triangle iconpos_left \"><div class=\"w-tabs-list items_7\"><div class=\"w-tabs-list-h\"><div class=\"w-tabs-item active\" style=\"font-size: 12px\"><a href=\"#1627657529478-8514c2fa-02cc\" class=\"w-tabs-item-h\"><span class=\"w-tabs-item-title\"><\/span><\/a><\/div>\n<div class=\"w-tabs-item\" style=\"font-size: 12px\"><a href=\"#1627498213051-fc2d0824-d862\" class=\"w-tabs-item-h\"><span class=\"w-tabs-item-title\"> CONSTITUCI\u00d3N DE LA REP\u00daBLICA DOMINICANA<\/span><\/a><\/div>\n<div class=\"w-tabs-item\" style=\"font-size: 12px\"><a href=\"#1627498213073-7efa7505-5ae9\" class=\"w-tabs-item-h\"><span class=\"w-tabs-item-title\"> LEYES<\/span><\/a><\/div>\n<div class=\"w-tabs-item\" style=\"font-size: 12px\"><a href=\"#1627498440994-51ab1c81-c9d5\" class=\"w-tabs-item-h\"><span class=\"w-tabs-item-title\">DECRETOS<\/span><\/a><\/div>\n<div class=\"w-tabs-item\" style=\"font-size: 12px\"><a href=\"#1627502080646-5f983505-5723\" class=\"w-tabs-item-h\"><span class=\"w-tabs-item-title\">REGLAMENTOS<\/span><\/a><\/div>\n<div class=\"w-tabs-item\" style=\"font-size: 12px\"><a href=\"#1627502077541-18430ef1-a0d4\" class=\"w-tabs-item-h\"><span class=\"w-tabs-item-title\"> RESOLUCIONES<\/span><\/a><\/div>\n<div class=\"w-tabs-item\" style=\"font-size: 12px\"><a href=\"#1627502134473-8ed5a6fa-4e10\" class=\"w-tabs-item-h\"><span class=\"w-tabs-item-title\">OTRAS NORMATIVAS<\/span><\/a><\/div>\n<\/div><\/div><div class=\"w-tabs-sections\"><div class=\"w-tabs-sections-h\"><div class=\"w-tabs-section no_indents active\" id=\"1627657529478-8514c2fa-02cc\"><a href=\"#1627657529478-8514c2fa-02cc\" class=\"w-tabs-section-header\" style=\"font-size: 12px\"><div class=\"w-tabs-section-header-h\"><div class=\"w-tabs-section-control\"><\/div><h6 class=\"w-tabs-section-title\"><\/h6><\/div><\/a><div class=\"w-tabs-section-content\"><div class=\"w-tabs-section-content-h i-cf\"><\/div><\/div><\/div><div class=\"w-tabs-section color_custom no_indents\" id=\"1627498213051-fc2d0824-d862\" style=\"background-color: #f5f5f5;\"><a href=\"#1627498213051-fc2d0824-d862\" class=\"w-tabs-section-header\" style=\"font-size: 12px\"><div class=\"w-tabs-section-header-h\"><div class=\"w-tabs-section-control\"><\/div><h6 class=\"w-tabs-section-title\"> CONSTITUCI\u00d3N DE LA REP\u00daBLICA DOMINICANA<\/h6><\/div><\/a><div class=\"w-tabs-section-content\"><div class=\"w-tabs-section-content-h i-cf\"><div class=\"wpb_text_column \"><div class=\"wpb_wrapper\">\n<ul style=\"text-transform: uppercase; display: inline-block; list-style: circle; font-weight: bold;\">\n<li><a href=\"https:\/\/edenorte.com.do\/transparencia\/wp-content\/plugins\/download-attachments\/includes\/download.php?id=146060\" attachment_id=\"146060\" title=\"Constituci\u00f3n Dominicana 2015\" class=\"da-download-link da-download-attachment-146060\">Constituci\u00f3n Dominicana 2015<\/a><\/li>\n<\/ul>\n<\/div> <\/div> <\/div><\/div><\/div><div class=\"w-tabs-section no_indents\" id=\"1627498213073-7efa7505-5ae9\"><a href=\"#1627498213073-7efa7505-5ae9\" class=\"w-tabs-section-header\" style=\"font-size: 12px\"><div class=\"w-tabs-section-header-h\"><div class=\"w-tabs-section-control\"><\/div><h6 class=\"w-tabs-section-title\"> LEYES<\/h6><\/div><\/a><div class=\"w-tabs-section-content\"><div class=\"w-tabs-section-content-h i-cf\"><div class=\"wpb_text_column \"><div class=\"wpb_wrapper\">\n<ul style=\"text-transform: uppercase; display: inline-block; list-style: circle; font-weight: bold;\">\n<li><a href=\"https:\/\/edenorte.com.do\/transparencia\/wp-content\/plugins\/download-attachments\/includes\/download.php?id=8726\" attachment_id=\"8726\" title=\"Ley No 186-07 que introduce modificaciones a la Ley General de Electricidad (125-01)\" class=\"da-download-link da-download-attachment-8726\">Ley No 186-07 que introduce modificaciones a la Ley General de Electricidad (125-01)<\/a><\/li>\n<li><a href=\"https:\/\/edenorte.com.do\/transparencia\/wp-content\/plugins\/download-attachments\/includes\/download.php?id=8724\" attachment_id=\"8724\" title=\"Ley No 57-07 Fuentes Renovables De Energ\u00eda\" class=\"da-download-link da-download-attachment-8724\">Ley No 57-07 Fuentes Renovables De Energ\u00eda<\/a><\/li>\n<li><a href=\"https:\/\/edenorte.com.do\/transparencia\/wp-content\/plugins\/download-attachments\/includes\/download.php?id=8725\" attachment_id=\"8725\" title=\"Ley No 125-01 Ley General De Electricidad\" class=\"da-download-link da-download-attachment-8725\">Ley No 125-01 Ley General De Electricidad<\/a><\/li>\n<li><a href=\"https:\/\/edenorte.com.do\/transparencia\/wp-content\/plugins\/download-attachments\/includes\/download.php?id=110087\" attachment_id=\"110087\" title=\"4. Ley No. 125-01 Ley General De Electricidad, de fecha 27 de julio de 2001\" class=\"da-download-link da-download-attachment-110087\">4. Ley No. 125-01 Ley General De Electricidad, de fecha 27 de julio de 2001<\/a><\/li>\n<li><a href=\"https:\/\/edenorte.com.do\/transparencia\/wp-content\/plugins\/download-attachments\/includes\/download.php?id=110088\" attachment_id=\"110088\" title=\"5. Ley No 141-97 General de Reforma de la Empresa P\u00fablica, de fecha 10 de junio de 1997\" class=\"da-download-link da-download-attachment-110088\">5. Ley No 141-97 General de Reforma de la Empresa P\u00fablica, de fecha 10 de junio de 1997<\/a><\/li>\n<li><a href=\"https:\/\/edenorte.com.do\/transparencia\/wp-content\/plugins\/download-attachments\/includes\/download.php?id=110089\" attachment_id=\"110089\" title=\"6. Ley No. 16-92 C\u00f3digo de Trabajo de la Rep\u00fablica Dominicana, de fecha 29 de mayo de 1992\" class=\"da-download-link da-download-attachment-110089\">6. Ley No. 16-92 C\u00f3digo de Trabajo de la Rep\u00fablica Dominicana, de fecha 29 de mayo de 1992<\/a><\/li>\n<\/ul>\n<\/div> <\/div> <\/div><\/div><\/div><div class=\"w-tabs-section no_indents\" id=\"1627498440994-51ab1c81-c9d5\"><a href=\"#1627498440994-51ab1c81-c9d5\" class=\"w-tabs-section-header\" style=\"font-size: 12px\"><div class=\"w-tabs-section-header-h\"><div class=\"w-tabs-section-control\"><\/div><h6 class=\"w-tabs-section-title\">DECRETOS<\/h6><\/div><\/a><div class=\"w-tabs-section-content\"><div class=\"w-tabs-section-content-h i-cf\"><div class=\"wpb_text_column \"><div class=\"wpb_wrapper\">\n<ul style=\"text-transform: uppercase; display: inline-block; list-style: circle; font-weight: bold;\">\n<li><a href=\"https:\/\/edenorte.com.do\/transparencia\/wp-content\/plugins\/download-attachments\/includes\/download.php?id=110102\" attachment_id=\"110102\" title=\"7. Decreto No. 167-13 que declara de emergencia nacional el aumento de la capacidad de generaci\u00f3n el\u00e9ctrica de bajo costo, de fecha 21 de junio de 2013\" class=\"da-download-link da-download-attachment-110102\">7. Decreto No. 167-13 que declara de emergencia nacional el aumento de la capacidad de generaci\u00f3n el\u00e9ctrica de bajo costo, de fecha 21 de junio de 2013<\/a><\/li>\n<li><a href=\"https:\/\/edenorte.com.do\/transparencia\/wp-content\/plugins\/download-attachments\/includes\/download.php?id=110103\" attachment_id=\"110103\" title=\"8. Decreto No. 923-09 que establece a la CDEEE como ente l\u00edder y coordinador de las Empresas El\u00e9ctricas de car\u00e1cter estatal, de fecha 30 de diciembre de 2009\" class=\"da-download-link da-download-attachment-110103\">8. Decreto No. 923-09 que establece a la CDEEE como ente l\u00edder y coordinador de las Empresas El\u00e9ctricas de car\u00e1cter estatal, de fecha 30 de diciembre de 2009<\/a><\/li>\n<li><a href=\"https:\/\/edenorte.com.do\/transparencia\/wp-content\/plugins\/download-attachments\/includes\/download.php?id=110104\" attachment_id=\"110104\" title=\"9. Decreto No. 894-09 que declara de emergencia la identificaci\u00f3n de soluciones para el desabastecimiento del sector el\u00e9ctrico, de fecha 10 de diciembre de 2009\" class=\"da-download-link da-download-attachment-110104\">9. Decreto No. 894-09 que declara de emergencia la identificaci\u00f3n de soluciones para el desabastecimiento del sector el\u00e9ctrico, de fecha 10 de diciembre de 2009<\/a><\/li>\n<li><a href=\"https:\/\/edenorte.com.do\/transparencia\/wp-content\/plugins\/download-attachments\/includes\/download.php?id=110105\" attachment_id=\"110105\" title=\"10. Decreto No. 544-08 que modifica Decreto No 16-06, de fecha 15 de septiembre de 2008\" class=\"da-download-link da-download-attachment-110105\">10. Decreto No. 544-08 que modifica Decreto No 16-06, de fecha 15 de septiembre de 2008<\/a><\/li>\n<li><a href=\"https:\/\/edenorte.com.do\/transparencia\/wp-content\/plugins\/download-attachments\/includes\/download.php?id=110106\" attachment_id=\"110106\" title=\"11. Decreto No. 494-07 que modifica el Reglamento de Aplicaci\u00f3n de la Ley No. 125-01, de fecha 30 de agosto de 2007\" class=\"da-download-link da-download-attachment-110106\">11. Decreto No. 494-07 que modifica el Reglamento de Aplicaci\u00f3n de la Ley No. 125-01, de fecha 30 de agosto de 2007<\/a><\/li>\n<li><a href=\"https:\/\/edenorte.com.do\/transparencia\/wp-content\/plugins\/download-attachments\/includes\/download.php?id=110107\" attachment_id=\"110107\" title=\"12. Decreto No. 16-06 que aprueba el Reglamento para el funcionamiento de la Unidad de Electrificaci\u00f3n Rural y Sub-urbana, de fecha 18 de enero de 2006\" class=\"da-download-link da-download-attachment-110107\">12. Decreto No. 16-06 que aprueba el Reglamento para el funcionamiento de la Unidad de Electrificaci\u00f3n Rural y Sub-urbana, de fecha 18 de enero de 2006<\/a><\/li>\n<li><a href=\"https:\/\/edenorte.com.do\/transparencia\/wp-content\/plugins\/download-attachments\/includes\/download.php?id=110108\" attachment_id=\"110108\" title=\"13. Decreto No. 306-03 que ratifica y enmienda el Reglamento de Aplicaci\u00f3n de la Ley No. 125-01, de fecha 1 de abril de 2003\" class=\"da-download-link da-download-attachment-110108\">13. Decreto No. 306-03 que ratifica y enmienda el Reglamento de Aplicaci\u00f3n de la Ley No. 125-01, de fecha 1 de abril de 2003<\/a><\/li>\n<li><a href=\"https:\/\/edenorte.com.do\/transparencia\/wp-content\/plugins\/download-attachments\/includes\/download.php?id=110109\" attachment_id=\"110109\" title=\"14. Decreto No. 302-03 que crea el Fondo de Estabilizaci\u00f3n de la Tarifa El\u00e9ctrica, de fecha 31 de marzo de 2003\" class=\"da-download-link da-download-attachment-110109\">14. Decreto No. 302-03 que crea el Fondo de Estabilizaci\u00f3n de la Tarifa El\u00e9ctrica, de fecha 31 de marzo de 2003<\/a><\/li>\n<li><a href=\"https:\/\/edenorte.com.do\/transparencia\/wp-content\/plugins\/download-attachments\/includes\/download.php?id=110110\" attachment_id=\"110110\" title=\"15. Decreto No. 749-02 que ratifica y enmienda el Reglamento de Aplicaci\u00f3n de la Ley No 125-01, de fecha 19 de septiembre de 2002\" class=\"da-download-link da-download-attachment-110110\">15. Decreto No. 749-02 que ratifica y enmienda el Reglamento de Aplicaci\u00f3n de la Ley No 125-01, de fecha 19 de septiembre de 2002<\/a><\/li>\n<li><a href=\"https:\/\/edenorte.com.do\/transparencia\/wp-content\/plugins\/download-attachments\/includes\/download.php?id=110111\" attachment_id=\"110111\" title=\"16. Decreto No 648-02 que aprueba el Reglamento para el Funcionamiento de la Corporaci\u00f3n Dominicana de Empresas El\u00e9ctricas Estatales, de fecha 21 de agosto de 2002\" class=\"da-download-link da-download-attachment-110111\">16. Decreto No 648-02 que aprueba el Reglamento para el Funcionamiento de la Corporaci\u00f3n Dominicana de Empresas El\u00e9ctricas Estatales, de fecha 21 de agosto de 2002<\/a><\/li>\n<li><a href=\"https:\/\/edenorte.com.do\/transparencia\/wp-content\/plugins\/download-attachments\/includes\/download.php?id=110112\" attachment_id=\"110112\" title=\"17. Decreto No. 647-02 que reconoce la creaci\u00f3n de la Corporaci\u00f3n Dominicana de Empresas El\u00e9ctricas Estatales como una empresa aut\u00f3noma de servicio p\u00fablico, de fecha 21\" class=\"da-download-link da-download-attachment-110112\">17. Decreto No. 647-02 que reconoce la creaci\u00f3n de la Corporaci\u00f3n Dominicana de Empresas El\u00e9ctricas Estatales como una empresa aut\u00f3noma de servicio p\u00fablico, de fecha 21<\/a><\/li>\n<li><a href=\"https:\/\/edenorte.com.do\/transparencia\/wp-content\/plugins\/download-attachments\/includes\/download.php?id=110113\" attachment_id=\"110113\" title=\"18. Decreto No. 555-02 que aprueba el Reglamento para la Aplicaci\u00f3n de la Ley General de Electricidad 125-01, de fecha 19 de julio de 2002\" class=\"da-download-link da-download-attachment-110113\">18. Decreto No. 555-02 que aprueba el Reglamento para la Aplicaci\u00f3n de la Ley General de Electricidad 125-01, de fecha 19 de julio de 2002<\/a><\/li>\n<\/ul>\n<\/div> <\/div> <\/div><\/div><\/div><div class=\"w-tabs-section no_indents\" id=\"1627502080646-5f983505-5723\"><a href=\"#1627502080646-5f983505-5723\" class=\"w-tabs-section-header\" style=\"font-size: 12px\"><div class=\"w-tabs-section-header-h\"><div class=\"w-tabs-section-control\"><\/div><h6 class=\"w-tabs-section-title\">REGLAMENTOS<\/h6><\/div><\/a><div class=\"w-tabs-section-content\"><div class=\"w-tabs-section-content-h i-cf\"><div class=\"wpb_text_column \"><div class=\"wpb_wrapper\">\n<ul style=\"text-transform: uppercase; display: inline-block; list-style: circle; font-weight: bold;\">\n<li><a href=\"https:\/\/edenorte.com.do\/transparencia\/wp-content\/plugins\/download-attachments\/includes\/download.php?id=8745\" attachment_id=\"8745\" title=\"Reglamento 258-93 para la aplicaci\u00f3n del c\u00f3digo trabajo\" class=\"da-download-link da-download-attachment-8745\">Reglamento 258-93 para la aplicaci\u00f3n del c\u00f3digo trabajo<\/a><\/li>\n<li><a href=\"https:\/\/edenorte.com.do\/transparencia\/wp-content\/plugins\/download-attachments\/includes\/download.php?id=8752\" attachment_id=\"8752\" title=\"Reglamento para la aplicacion de la Ley General de Electricidad\" class=\"da-download-link da-download-attachment-8752\">Reglamento para la aplicacion de la Ley General de Electricidad<\/a><\/li>\n<\/ul>\n<\/div> <\/div> <\/div><\/div><\/div><div class=\"w-tabs-section no_indents\" id=\"1627502077541-18430ef1-a0d4\"><a href=\"#1627502077541-18430ef1-a0d4\" class=\"w-tabs-section-header\" style=\"font-size: 12px\"><div class=\"w-tabs-section-header-h\"><div class=\"w-tabs-section-control\"><\/div><h6 class=\"w-tabs-section-title\"> RESOLUCIONES<\/h6><\/div><\/a><div class=\"w-tabs-section-content\"><div class=\"w-tabs-section-content-h i-cf\"><div class=\"wpb_text_column \"><div class=\"wpb_wrapper\">\n<ul style=\"text-transform: uppercase; display: inline-block; list-style: circle; font-weight: bold;\">\n<li><a href=\"https:\/\/edenorte.com.do\/transparencia\/wp-content\/plugins\/download-attachments\/includes\/download.php?id=112765\" attachment_id=\"112765\" title=\"19 Resoluci\u00f3n SIE-071-2018-TF Fijaci\u00f3n tarifas a usuarios regulados servidos por las empresas distribuidoras, para el mes de septiembre de 2018\" class=\"da-download-link da-download-attachment-112765\">19 Resoluci\u00f3n SIE-071-2018-TF Fijaci\u00f3n tarifas a usuarios regulados servidos por las empresas distribuidoras, para el mes de septiembre de 2018<\/a><\/li>\n<li><a href=\"https:\/\/edenorte.com.do\/transparencia\/wp-content\/plugins\/download-attachments\/includes\/download.php?id=112766\" attachment_id=\"112766\" title=\"20 Resoluci\u00f3n SIE-039-2016-MEMI Modificaci\u00f3n Reglamento reclamaciones entre relaci\u00f3n Empresas Distribuci\u00f3n &#8211; Usuarios, de fecha 31 de mayo de 2016\" class=\"da-download-link da-download-attachment-112766\">20 Resoluci\u00f3n SIE-039-2016-MEMI Modificaci\u00f3n Reglamento reclamaciones entre relaci\u00f3n Empresas Distribuci\u00f3n &#8211; Usuarios, de fecha 31 de mayo de 2016<\/a><\/li>\n<li><a href=\"https:\/\/edenorte.com.do\/transparencia\/wp-content\/plugins\/download-attachments\/includes\/download.php?id=112757\" attachment_id=\"112757\" title=\"21 Resoluci\u00f3n SIE-031-2015-MEMI Modificaci\u00f3n criterios aplicaci\u00f3n opciones tarifa regulada en media tensi\u00f3n con demanda, de fecha 29 de mayo de 2015\" class=\"da-download-link da-download-attachment-112757\">21 Resoluci\u00f3n SIE-031-2015-MEMI Modificaci\u00f3n criterios aplicaci\u00f3n opciones tarifa regulada en media tensi\u00f3n con demanda, de fecha 29 de mayo de 2015<\/a><\/li>\n<li><a href=\"https:\/\/edenorte.com.do\/transparencia\/wp-content\/plugins\/download-attachments\/includes\/download.php?id=110094\" attachment_id=\"110094\" title=\"22. Resoluci\u00f3n SIE-030-2015-MEMI Reglamento tramitaci\u00f3n aprobaci\u00f3n planos y solicitudes interconexi\u00f3n, de fecha 29 de mayo de 2015\" class=\"da-download-link da-download-attachment-110094\">22. Resoluci\u00f3n SIE-030-2015-MEMI Reglamento tramitaci\u00f3n aprobaci\u00f3n planos y solicitudes interconexi\u00f3n, de fecha 29 de mayo de 2015<\/a><\/li>\n<li><a href=\"https:\/\/edenorte.com.do\/transparencia\/wp-content\/plugins\/download-attachments\/includes\/download.php?id=110095\" attachment_id=\"110095\" title=\"23. Resoluci\u00f3n SIE-028-2015-MEMI Homologaci\u00f3n motivos reclamaci\u00f3n, de fecha 28 de mayo de 2015\" class=\"da-download-link da-download-attachment-110095\">23. Resoluci\u00f3n SIE-028-2015-MEMI Homologaci\u00f3n motivos reclamaci\u00f3n, de fecha 28 de mayo de 2015<\/a><\/li>\n<li><a href=\"https:\/\/edenorte.com.do\/transparencia\/wp-content\/plugins\/download-attachments\/includes\/download.php?id=112760\" attachment_id=\"112760\" title=\"24 Resoluci\u00f3n SIE-019-2012 Norma de calidad, de fecha 30 de marzo de 2012\" class=\"da-download-link da-download-attachment-112760\">24 Resoluci\u00f3n SIE-019-2012 Norma de calidad, de fecha 30 de marzo de 2012<\/a><\/li>\n<li><a href=\"https:\/\/edenorte.com.do\/transparencia\/wp-content\/plugins\/download-attachments\/includes\/download.php?id=110097\" attachment_id=\"110097\" title=\"25. Resoluci\u00f3n SIE-260-2010 Designaci\u00f3n de la oficina de protecci\u00f3n al consumidor de electricidad, de fecha 23 de noviembre de 2010\" class=\"da-download-link da-download-attachment-110097\">25. Resoluci\u00f3n SIE-260-2010 Designaci\u00f3n de la oficina de protecci\u00f3n al consumidor de electricidad, de fecha 23 de noviembre de 2010<\/a><\/li>\n<li><a href=\"https:\/\/edenorte.com.do\/transparencia\/wp-content\/plugins\/download-attachments\/includes\/download.php?id=112762\" attachment_id=\"112762\" title=\"26 Resoluci\u00f3n SIE-45-2009 Reglamento para las reclamaciones surgidas entre empresas distribuci\u00f3n \u2013 usuarios, de fecha 9 de junio de 2009\" class=\"da-download-link da-download-attachment-112762\">26 Resoluci\u00f3n SIE-45-2009 Reglamento para las reclamaciones surgidas entre empresas distribuci\u00f3n \u2013 usuarios, de fecha 9 de junio de 2009<\/a><\/li>\n<li><a href=\"https:\/\/edenorte.com.do\/transparencia\/wp-content\/plugins\/download-attachments\/includes\/download.php?id=112763\" attachment_id=\"112763\" title=\"27 Resoluci\u00f3n SIE-48-2005 Valores a ser aplicados por distribuidoras por concepto de corte y re-conexi\u00f3n, de fecha 2 de junio de 2005\" class=\"da-download-link da-download-attachment-112763\">27 Resoluci\u00f3n SIE-48-2005 Valores a ser aplicados por distribuidoras por concepto de corte y re-conexi\u00f3n, de fecha 2 de junio de 2005<\/a><\/li>\n<li><a href=\"https:\/\/edenorte.com.do\/transparencia\/wp-content\/plugins\/download-attachments\/includes\/download.php?id=146122\" attachment_id=\"146122\" title=\"28 Resoluci\u00f3n SEIC-237-98 r\u00e9gimen tarifario aplicable para las empresas distribuidoras\" class=\"da-download-link da-download-attachment-146122\">28 Resoluci\u00f3n SEIC-237-98 r\u00e9gimen tarifario aplicable para las empresas distribuidoras<\/a><\/li>\n<li><a href=\"https:\/\/edenorte.com.do\/transparencia\/wp-content\/plugins\/download-attachments\/includes\/download.php?id=8777\" attachment_id=\"8777\" title=\"Resoluci\u00f3n 1-2017 Sobre compras y contrataciones de Obras de bienes\" class=\"da-download-link da-download-attachment-8777\">Resoluci\u00f3n 1-2017 Sobre compras y contrataciones de Obras de bienes<\/a><\/li>\n<\/ul>\n<\/div> <\/div> <\/div><\/div><\/div><div class=\"w-tabs-section no_indents\" id=\"1627502134473-8ed5a6fa-4e10\"><a href=\"#1627502134473-8ed5a6fa-4e10\" class=\"w-tabs-section-header\" style=\"font-size: 12px\"><div class=\"w-tabs-section-header-h\"><div class=\"w-tabs-section-control\"><\/div><h6 class=\"w-tabs-section-title\">OTRAS NORMATIVAS<\/h6><\/div><\/a><div class=\"w-tabs-section-content\"><div class=\"w-tabs-section-content-h i-cf\"><div class=\"wpb_text_column \"><div class=\"wpb_wrapper\">\n<ul style=\"text-transform: uppercase; display: inline-block; list-style: circle; font-weight: bold;\">\n<li><a href=\"https:\/\/edenorte.com.do\/transparencia\/wp-content\/plugins\/download-attachments\/includes\/download.php?id=112902\" attachment_id=\"112902\" title=\"NORTIC A2-1:2016, Norma para la Creaci\u00f3n y Administraci\u00f3n de Portales Web del Gobierno Dominicano\" class=\"da-download-link da-download-attachment-112902\">NORTIC A2-1:2016, Norma para la Creaci\u00f3n y Administraci\u00f3n de Portales Web del Gobierno Dominicano<\/a><\/li>\n<li><a href=\"https:\/\/edenorte.com.do\/transparencia\/wp-content\/plugins\/download-attachments\/includes\/download.php?id=112903\" attachment_id=\"112903\" title=\"NORTIC A3-1:2014, Norma Sobre Publicaci\u00f3n de Datos Abiertos del Gobierno Dominicano\" class=\"da-download-link da-download-attachment-112903\">NORTIC A3-1:2014, Norma Sobre Publicaci\u00f3n de Datos Abiertos del Gobierno Dominicano<\/a><\/li>\n<li><a href=\"https:\/\/edenorte.com.do\/transparencia\/wp-content\/plugins\/download-attachments\/includes\/download.php?id=1025880\" attachment_id=\"1025880\" title=\"NORTIC A4-1:2014, Norma sobre Interoperabilidad entre los Organismos del Gobierno Dominicano\" class=\"da-download-link da-download-attachment-1025880\">NORTIC A4-1:2014, Norma sobre Interoperabilidad entre los Organismos del Gobierno Dominicano<\/a><\/li>\n<li><a href=\"https:\/\/edenorte.com.do\/transparencia\/wp-content\/plugins\/download-attachments\/includes\/download.php?id=112904\" attachment_id=\"112904\" title=\"NORTIC A5-1:2015, Norma sobre la Prestaci\u00f3n y Automatizaci\u00f3n de los Servicios P\u00fablicos del Estado Dominicano\" class=\"da-download-link da-download-attachment-112904\">NORTIC A5-1:2015, Norma sobre la Prestaci\u00f3n y Automatizaci\u00f3n de los Servicios P\u00fablicos del Estado Dominicano<\/a><\/li>\n<li><a href=\"https:\/\/edenorte.com.do\/transparencia\/wp-content\/plugins\/download-attachments\/includes\/download.php?id=1025881\" attachment_id=\"1025881\" title=\"NORTIC E1-1:2014, Norma para la Gesti\u00f3n de las Redes Sociales en los Organismos Gubernamentales\" class=\"da-download-link da-download-attachment-1025881\">NORTIC E1-1:2014, Norma para la Gesti\u00f3n de las Redes Sociales en los Organismos Gubernamentales<\/a><\/li>\n<\/ul>\n<\/div> <\/div> <\/div><\/div><\/div><\/div><\/div><\/div><\/div><\/div><\/div><\/div><\/section><section class=\"l-section wpb_row height_medium\"><div class=\"l-section-h i-cf\"><div class=\"g-cols offset_small\"><div class=\"vc_col-sm-12 wpb_column\"><div class=\"vc_column-inner\"><div class=\"wpb_text_column \"><div class=\"wpb_wrapper\"><p>\n<\/p><\/div> <\/div> <\/div><\/div><\/div><\/div><\/section><section class=\"l-section wpb_row height_medium\"><div class=\"l-section-h i-cf\"><div class=\"g-cols offset_small\"><div class=\"vc_col-sm-12 wpb_column\"><div class=\"vc_column-inner\"><div class=\"wpb_text_column \"><div class=\"wpb_wrapper\"><div class=\"w-message with_icon type_info\"><div class=\"w-message-icon\"><i class=\"fa fa-check-square-o\"><\/i><\/div><div class=\"w-message-body\"><p>\nSi no puede visualizar nuestros documentos, es posible que necesite alguno de los siguientes programas:<\/p>\n<ul>\n<li>Para Documentos en Pdf:\n<ol>\n<li><a href=\"https:\/\/get.adobe.com\/es\/reader\/\" target=\"_blank\" rel=\"noopener\">Adobe Reader <\/a><\/li>\n<\/ol>\n<\/li>\n<li>Para Documentos en Doc, Excel, Ods, Csv, entre otros tipos:\n<ol>\n<li><a href=\"https:\/\/support.microsoft.com\/es-es\/office\/obtenga-acceso-r%c3%a1pido-a-sus-archivos-de-office-en-el-explorador-dc1024b4-92be-46eb-81a7-aea85368baa0?ui=es-es&amp;rs=es-es&amp;ad=es\" target=\"_blank\" rel=\"noopener\">Microsoft Office:<\/a> <a href=\"https:\/\/chrome.google.com\/webstore\/detail\/office\/ndjpnladcallmjemlbaebfadecfhkepb?hl=es-419\" target=\"_blank\" rel=\"noopener\">Extensi\u00f3n para Chrome<\/a> &#8211;\u00a0<a href=\"https:\/\/www.microsoft.com\/es-us\/p\/office-online\/9nblggh4v88g?activetab=pivot%3aoverviewtab\" target=\"_blank\" rel=\"noopener\">Extensi\u00f3n para\u00a0 Microsoft Edge.<\/a><\/li>\n<li><a href=\"https:\/\/www.google.com\/intl\/es\/docs\/about\/\" target=\"_blank\" rel=\"noopener\">Google Documentos<\/a>.<\/li>\n<\/ol>\n<\/li>\n<\/ul>\n<\/p><\/div><\/div><\/div> <\/div> <\/div><\/div><\/div><\/div><\/section>\n<div style=\"clear:both;\"><\/div>","protected":false},"excerpt":{"rendered":"CONSTITUCI\u00d3N DE LA REP\u00daBLICA DOMINICANA LEYES DECRETOS REGLAMENTOS RESOLUCIONES OTRAS NORMATIVAS CONSTITUCI\u00d3N DE LA REP\u00daBLICA DOMINICANA Constituci\u00f3n Dominicana 2015 LEYES Ley No 186-07 que introduce modificaciones a la Ley General...","protected":false},"author":15,"featured_media":0,"parent":0,"menu_order":0,"comment_status":"closed","ping_status":"closed","template":"","meta":{"footnotes":""},"class_list":["post-478707","page","type-page","status-publish","hentry"],"_links":{"self":[{"href":"https:\/\/edenorte.com.do\/transparencia\/wp-json\/wp\/v2\/pages\/478707","targetHints":{"allow":["GET"]}}],"collection":[{"href":"https:\/\/edenorte.com.do\/transparencia\/wp-json\/wp\/v2\/pages"}],"about":[{"href":"https:\/\/edenorte.com.do\/transparencia\/wp-json\/wp\/v2\/types\/page"}],"author":[{"embeddable":true,"href":"https:\/\/edenorte.com.do\/transparencia\/wp-json\/wp\/v2\/users\/15"}],"replies":[{"embeddable":true,"href":"https:\/\/edenorte.com.do\/transparencia\/wp-json\/wp\/v2\/comments?post=478707"}],"version-history":[{"count":22,"href":"https:\/\/edenorte.com.do\/transparencia\/wp-json\/wp\/v2\/pages\/478707\/revisions"}],"predecessor-version":[{"id":1026754,"href":"https:\/\/edenorte.com.do\/transparencia\/wp-json\/wp\/v2\/pages\/478707\/revisions\/1026754"}],"wp:attachment":[{"href":"https:\/\/edenorte.com.do\/transparencia\/wp-json\/wp\/v2\/media?parent=478707"}],"curies":[{"name":"wp","href":"https:\/\/api.w.org\/{rel}","templated":true}]}}