{"id":14050,"date":"2018-02-20T15:43:01","date_gmt":"2018-02-20T19:43:01","guid":{"rendered":"https:\/\/edenorte.com.do\/transparencia\/?page_id=14050"},"modified":"2025-11-17T14:39:37","modified_gmt":"2025-11-17T18:39:37","slug":"programa-mejoramiento-de-redes-y-normalizacion-de-clientes","status":"publish","type":"page","link":"https:\/\/edenorte.com.do\/transparencia\/programa-mejoramiento-de-redes-y-normalizacion-de-clientes\/","title":{"rendered":"Programa Mejoramiento de Redes y Normalizaci\u00f3n de Clientes"},"content":{"rendered":"\t\t<div data-elementor-type=\"wp-page\" data-elementor-id=\"14050\" class=\"elementor elementor-14050\">\n\t\t\t\t\t\t<section class=\"elementor-section elementor-top-section elementor-element elementor-element-c935651 elementor-section-boxed elementor-section-height-default elementor-section-height-default\" data-id=\"c935651\" data-element_type=\"section\">\n\t\t\t\t\t\t<div class=\"elementor-container elementor-column-gap-default\">\n\t\t\t\t\t<div class=\"elementor-column elementor-col-100 elementor-top-column elementor-element elementor-element-61a1126\" data-id=\"61a1126\" data-element_type=\"column\">\n\t\t\t<div class=\"elementor-widget-wrap elementor-element-populated\">\n\t\t\t\t\t\t<div class=\"elementor-element elementor-element-8ea25c4 elementor-widget elementor-widget-text-editor\" data-id=\"8ea25c4\" data-element_type=\"widget\" data-widget_type=\"text-editor.default\">\n\t\t\t\t<div class=\"elementor-widget-container\">\n\t\t\t\t\t\t\t<p style=\"text-align: justify;\">EDENORTE, a trav\u00e9s del Programa de Mejoramiento de Redes Media y Baja Tensi\u00f3n y Normalizaci\u00f3n de Clientes de las Empresas Distribuidoras de Electricidad a Nivel Nacional, est\u00e1 trabajando para mejorar la calidad del servicio el\u00e9ctrico en tu zona.<\/p><p style=\"text-align: justify;\">Este Programa busca garantizar que los beneficiarios cuenten con un servicio m\u00e1s seguro, eficiente y estable, en su hogar y negocio. El financiamiento para la ejecuci\u00f3n de este Programa es obtenido del Banco Mundial, mediante el pr\u00e9stamo BIRF 9624-DO.<\/p><p style=\"text-align: justify;\">Con el objetivo de mejorar el servicio el\u00e9ctrico en las \u00e1reas intervenidas, se ejecutar\u00e1n las siguientes acciones clave:<\/p>\t\t\t\t\t\t<\/div>\n\t\t\t\t<\/div>\n\t\t\t\t<div class=\"elementor-element elementor-element-c6b9105 elementor-icon-list--layout-traditional elementor-list-item-link-full_width elementor-widget elementor-widget-icon-list\" data-id=\"c6b9105\" data-element_type=\"widget\" data-widget_type=\"icon-list.default\">\n\t\t\t\t<div class=\"elementor-widget-container\">\n\t\t\t\t\t<ul class=\"elementor-icon-list-items\">\n\t\t\t\t\t\t\t<li class=\"elementor-icon-list-item\">\n\t\t\t\t\t\t\t\t\t\t\t<span class=\"elementor-icon-list-icon\">\n\t\t\t\t\t\t\t<i aria-hidden=\"true\" class=\"fas fa-check-double\"><\/i>\t\t\t\t\t\t<\/span>\n\t\t\t\t\t\t\t\t\t\t<span class=\"elementor-icon-list-text\">Rehabilitaci\u00f3n de redes el\u00e9ctricas: modernizar el sistema el\u00e9ctrico para hacerlo m\u00e1s seguro y confiable.<\/span>\n\t\t\t\t\t\t\t\t\t<\/li>\n\t\t\t\t\t\t\t\t<li class=\"elementor-icon-list-item\">\n\t\t\t\t\t\t\t\t\t\t\t<span class=\"elementor-icon-list-icon\">\n\t\t\t\t\t\t\t<i aria-hidden=\"true\" class=\"fas fa-check-double\"><\/i>\t\t\t\t\t\t<\/span>\n\t\t\t\t\t\t\t\t\t\t<span class=\"elementor-icon-list-text\">Nueva iluminaci\u00f3n p\u00fablica: instalar luminarias LED para iluminar las calles y espacios p\u00fablicos.<\/span>\n\t\t\t\t\t\t\t\t\t<\/li>\n\t\t\t\t\t\t\t\t<li class=\"elementor-icon-list-item\">\n\t\t\t\t\t\t\t\t\t\t\t<span class=\"elementor-icon-list-icon\">\n\t\t\t\t\t\t\t<i aria-hidden=\"true\" class=\"fas fa-check-double\"><\/i>\t\t\t\t\t\t<\/span>\n\t\t\t\t\t\t\t\t\t\t<span class=\"elementor-icon-list-text\">Conexiones seguras a los hogares: mejorar las acometidas el\u00e9ctricas y colocar nuevos medidores para un suministro m\u00e1s estable.<\/span>\n\t\t\t\t\t\t\t\t\t<\/li>\n\t\t\t\t\t\t<\/ul>\n\t\t\t\t<\/div>\n\t\t\t\t<\/div>\n\t\t\t\t<div class=\"elementor-element elementor-element-64fc945 elementor-widget elementor-widget-text-editor\" data-id=\"64fc945\" data-element_type=\"widget\" data-widget_type=\"text-editor.default\">\n\t\t\t\t<div class=\"elementor-widget-container\">\n\t\t\t<script type=\"text\/javascript\" src=\"https:\/\/code.jquery.com\/jquery-2.2.4.min.js?ver=2.2.s\" id=\"jquery-js\"><\/script>\n<script type=\"text\/javascript\" src=\"https:\/\/edenorte.com.do\/transparencia\/wp-content\/plugins\/wp-filebase-pro\/extras\/jquery\/treeview\/jquery.treeview-async-edit.min.js?ver=3.4.32\" id=\"wpfb-treeview-js\"><\/script>\n<link rel='stylesheet' id='wpfb-treeview-css' href='https:\/\/edenorte.com.do\/transparencia\/wp-content\/plugins\/wp-filebase-pro\/extras\/jquery\/treeview\/jquery.treeview.css?ver=3.4.32' type='text\/css' media='all' \/>\n        <script type=\"text\/javascript\">\r\n            \/\/<![CDATA[\r\n            function wpfb_initfbbd83ab4a187d491d1b4b59994381e2f0() {\r\n                jQuery(\"#wpfb-filebrowser-1\").treeview(wpfb_fbsetsbd83ab4a187d491d1b4b59994381e2f0 = {\r\n                    url: \"\/\/edenorte.com.do\/transparencia\/?wpfilebase_ajax=1\",\r\n                    ajax: {\r\n                        data:{\"private\":0,\"sort\":{\"file\":null,\"cat\":null},\"wpfb_action\":\"tree\",\"type\":\"browser\",\"base\":6043},\r\n                        type: \"post\",\r\n                        error: function (x, status, error) {\r\n                            if (error) alert(error);\r\n                        },\r\n                        complete: function (x, status) {\r\n                            if (typeof (wpfb_setupLinks) == 'function') wpfb_setupLinks();\r\n                        }\r\n                    },\r\n                    animated: \"medium\"\r\n                }).data(\"settings\", wpfb_fbsetsbd83ab4a187d491d1b4b59994381e2f0);\r\n            }\r\n            jQuery(document).ready(function () {\r\n                var fel = jQuery(\"#wpfb-filebrowser-1\");\r\n                if ('function' != typeof fel.treeview) {\r\n                    jQuery.when(\r\n                                                jQuery.getScript('https:\/\/edenorte.com.do\/transparencia\/wp-content\/plugins\/wp-filebase-pro\/extras\/jquery\/treeview\/jquery.treeview-async-edit.min.js'),\r\n                                                jQuery.Deferred(function (deferred) {\r\n                            jQuery(deferred.resolve);\r\n                        })\r\n                    ).done(function () {\r\n                        wpfb_initfbbd83ab4a187d491d1b4b59994381e2f0();\r\n                    });\r\n                } else {\r\n                    wpfb_initfbbd83ab4a187d491d1b4b59994381e2f0();\r\n                }\r\n            });\r\n            \/\/]]>\r\n        <\/script>\r\n        \t\t\t\t<h6><span style=\"color: #1b98e0;\"><strong>Componente 1: Mejora en la gobernanza de las EDE<\/strong><\/span><\/h6><p style=\"text-align: justify;\">Este componente se enfoca en la contrataci\u00f3n y despliegue de un nuevo sistema comercial para EDENORTE, con capacidad y funcionalidades m\u00e1s robustas y flexibles para dar respuesta a los requerimientos actuales de la gesti\u00f3n comercial de esta EDE.<\/p><h6><strong><span style=\"color: #1b98e0;\">Componente 2: Apoyo al Plan Integral de Reducci\u00f3n de P\u00e9rdidas<\/span><\/strong><\/h6><p style=\"text-align: justify;\">Esta \u00e1rea comprende: (i) la sustituci\u00f3n de medidores obsoletos e instalaci\u00f3n de medidores para nuevos clientes; (ii) la rehabilitaci\u00f3n de redes de distribuci\u00f3n y normalizaci\u00f3n de suministros; (iii) el levantamiento de suministros y actualizaci\u00f3n de bases de datos; (iv) el desarrollo y gesti\u00f3n de celdas de energ\u00eda mediante la instalaci\u00f3n de micromedici\u00f3n BT (totalizadores) y macromedici\u00f3n MT; y (v) la implementaci\u00f3n de los planes de gesti\u00f3n social y ambiental de los proyectos del Programa.<\/p><h6><strong><span style=\"color: #1b98e0;\">Componente 3: Fortalecimiento de capacidades<\/span><\/strong><\/h6><p style=\"text-align: justify;\">Este componente alcanza: (i) la gesti\u00f3n de adquisiciones, gesti\u00f3n financiera, seguimiento y control durante la implementaci\u00f3n de todos los componentes (en calidad, tiempo, costo, y aspectos procedimentales); (ii) la fiscalizaci\u00f3n e interventor\u00eda de las obras de infraestructura, y auditor\u00edas financieras; y (iii) consultor\u00edas de apoyo a la gesti\u00f3n e implementaci\u00f3n de los sistemas de T.I.; capacitaciones y costos de operaci\u00f3n.<\/p><ul id=\"wpfb-filebrowser-1\" class=\"treeview\"><li id=\"wpfb-cat-6044\" class=\"hasChildren\"><span class=\"cat\"><img decoding=\"async\" src=\"https:\/\/edenorte.com.do\/transparencia\/wp-content\/plugins\/wp-filebase-pro\/images\/folder-icons\/folder_cyan48.png\" alt=\"Icon of Calendario de ejecuci\u00f3n, presupuesto\" style=\"width:auto;height:40px;vertical-align:middle;\" \/> <a href=\"https:\/\/edenorte.com.do\/transparencia\/programa-mejoramiento-de-redes-y-normalizacion-de-clientes\/?wpfb_cat=6044#wpfb-cat-6044\" onclick=\"return false;\">Calendario de ejecuci\u00f3n, presupuesto<\/a><div><\/div>\r\n\r\n<\/span><ul>\n<li><span class=\"placeholder\">&nbsp;<\/span><\/li>\n<\/ul>\n<\/li>\n<li id=\"wpfb-cat-6045\" class=\"hasChildren\"><span class=\"cat\"><img decoding=\"async\" src=\"https:\/\/edenorte.com.do\/transparencia\/wp-content\/plugins\/wp-filebase-pro\/images\/folder-icons\/folder_cyan48.png\" alt=\"Icon of Contrato de pr\u00e9stamo\" style=\"width:auto;height:40px;vertical-align:middle;\" \/> <a href=\"https:\/\/edenorte.com.do\/transparencia\/programa-mejoramiento-de-redes-y-normalizacion-de-clientes\/?wpfb_cat=6045#wpfb-cat-6045\" onclick=\"return false;\">Contrato de pr\u00e9stamo<\/a><div><\/div>\r\n\r\n<\/span><ul>\n<li><span class=\"placeholder\">&nbsp;<\/span><\/li>\n<\/ul>\n<\/li>\n<li id=\"wpfb-cat-6046\" class=\"hasChildren\"><span class=\"cat\"><img decoding=\"async\" src=\"https:\/\/edenorte.com.do\/transparencia\/wp-content\/plugins\/wp-filebase-pro\/images\/folder-icons\/folder_cyan48.png\" alt=\"Icon of Pol\u00edticas\" style=\"width:auto;height:40px;vertical-align:middle;\" \/> <a href=\"https:\/\/edenorte.com.do\/transparencia\/programa-mejoramiento-de-redes-y-normalizacion-de-clientes\/?wpfb_cat=6046#wpfb-cat-6046\" onclick=\"return false;\">Pol\u00edticas<\/a><div><\/div>\r\n\r\n<\/span><ul>\n<li><span class=\"placeholder\">&nbsp;<\/span><\/li>\n<\/ul>\n<\/li>\n<li id=\"wpfb-cat-6047\" class=\"hasChildren\"><span class=\"cat\"><img decoding=\"async\" src=\"https:\/\/edenorte.com.do\/transparencia\/wp-content\/plugins\/wp-filebase-pro\/images\/folder-icons\/folder_cyan48.png\" alt=\"Icon of Informes de seguimiento y presupuesto\" style=\"width:auto;height:40px;vertical-align:middle;\" \/> <a href=\"https:\/\/edenorte.com.do\/transparencia\/programa-mejoramiento-de-redes-y-normalizacion-de-clientes\/?wpfb_cat=6047#wpfb-cat-6047\" onclick=\"return false;\">Informes de seguimiento y presupuesto<\/a><div><\/div>\r\n\r\n<\/span><ul>\n<li><span class=\"placeholder\">&nbsp;<\/span><\/li>\n<\/ul>\n<\/li>\n<li id=\"wpfb-cat-6060\" class=\"hasChildren\"><span class=\"cat\"><img decoding=\"async\" src=\"https:\/\/edenorte.com.do\/transparencia\/wp-content\/plugins\/wp-filebase-pro\/images\/folder-icons\/folder_cyan48.png\" alt=\"Icon of Adquisiciones y contrataciones\" style=\"width:auto;height:40px;vertical-align:middle;\" \/> <a href=\"https:\/\/edenorte.com.do\/transparencia\/programa-mejoramiento-de-redes-y-normalizacion-de-clientes\/?wpfb_cat=6060#wpfb-cat-6060\" onclick=\"return false;\">Adquisiciones y contrataciones<\/a><div><\/div>\r\n\r\n<\/span><ul>\n<li><span class=\"placeholder\">&nbsp;<\/span><\/li>\n<\/ul>\n<\/li>\n<li id=\"wpfb-cat-6327\" class=\"hasChildren\"><span class=\"cat\"><img decoding=\"async\" src=\"https:\/\/edenorte.com.do\/transparencia\/wp-content\/plugins\/wp-filebase-pro\/images\/folder-icons\/folder_cyan48.png\" alt=\"Icon of Acercamiento Temprano al Mercado (ATM)\" style=\"width:auto;height:40px;vertical-align:middle;\" \/> <a href=\"https:\/\/edenorte.com.do\/transparencia\/programa-mejoramiento-de-redes-y-normalizacion-de-clientes\/?wpfb_cat=6327#wpfb-cat-6327\" onclick=\"return false;\">Acercamiento Temprano al Mercado (ATM)<\/a><div><\/div>\r\n\r\n<\/span><ul>\n<li><span class=\"placeholder\">&nbsp;<\/span><\/li>\n<\/ul>\n<\/li>\n<li id=\"wpfb-cat-0\" class=\"\"><span class=\"add-item\"><\/span><\/li>\n<\/ul><div style=\"clear:both;\"><\/div>\t\t\t\t\t\t<\/div>\n\t\t\t\t<\/div>\n\t\t\t\t\t<\/div>\n\t\t<\/div>\n\t\t\t\t\t<\/div>\n\t\t<\/section>\n\t\t\t\t<\/div>\n\t\t<div style=\"clear:both;\"><\/div>","protected":false},"excerpt":{"rendered":"<p>EDENORTE, a trav\u00e9s del Programa de Mejoramiento de Redes Media y Baja Tensi\u00f3n y Normalizaci\u00f3n de Clientes de las Empresas Distribuidoras de Electricidad a Nivel Nacional, est\u00e1 trabajando para mejorar&#8230;<\/p>\n","protected":false},"author":15,"featured_media":0,"parent":0,"menu_order":0,"comment_status":"closed","ping_status":"closed","template":"","meta":{"footnotes":""},"class_list":["post-14050","page","type-page","status-publish","hentry"],"_links":{"self":[{"href":"https:\/\/edenorte.com.do\/transparencia\/wp-json\/wp\/v2\/pages\/14050","targetHints":{"allow":["GET"]}}],"collection":[{"href":"https:\/\/edenorte.com.do\/transparencia\/wp-json\/wp\/v2\/pages"}],"about":[{"href":"https:\/\/edenorte.com.do\/transparencia\/wp-json\/wp\/v2\/types\/page"}],"author":[{"embeddable":true,"href":"https:\/\/edenorte.com.do\/transparencia\/wp-json\/wp\/v2\/users\/15"}],"replies":[{"embeddable":true,"href":"https:\/\/edenorte.com.do\/transparencia\/wp-json\/wp\/v2\/comments?post=14050"}],"version-history":[{"count":123,"href":"https:\/\/edenorte.com.do\/transparencia\/wp-json\/wp\/v2\/pages\/14050\/revisions"}],"predecessor-version":[{"id":1034771,"href":"https:\/\/edenorte.com.do\/transparencia\/wp-json\/wp\/v2\/pages\/14050\/revisions\/1034771"}],"wp:attachment":[{"href":"https:\/\/edenorte.com.do\/transparencia\/wp-json\/wp\/v2\/media?parent=14050"}],"curies":[{"name":"wp","href":"https:\/\/api.w.org\/{rel}","templated":true}]}}